 common factor of 423 and 45?
9
What is the highest common divisor of 1 and 1473?
1
Calculate the greatest common divisor of 4 and 8.
4
Calculate the greatest common factor of 1156 and 2856.
68
What is the greatest common divisor of 473 and 215?
43
What is the highest common divisor of 84 and 4172?
28
What is the highest common factor of 5 and 5?
5
What is the highest common divisor of 486 and 24?
6
Calculate the greatest common divisor of 1066 and 410.
82
What is the highest common factor of 116 and 32?
4
What is the highest common factor of 391 and 85?
17
What is the highest common divisor of 108 and 444?
12
Calculate the highest common factor of 40 and 340.
20
What is the greatest common divisor of 3852 and 72?
36
What is the greatest common divisor of 143 and 495?
11
What is the highest common divisor of 315 and 3735?
45
Calculate the highest common factor of 448 and 2576.
112
What is the greatest common factor of 1505 and 70?
35
What is the highest common factor of 936 and 144?
72
What is the greatest common factor of 1575 and 90?
45
What is the highest common divisor of 4 and 116?
4
Calculate the highest common divisor of 26 and 8.
2
What is the highest common factor of 1501 and 158?
79
Calculate the greatest common divisor of 165 and 132.
33
What is the highest common factor of 4236 and 48?
12
What is the highest common divisor of 74 and 666?
74
What is the greatest common factor of 48 and 264?
24
What is the highest common factor of 6 and 2652?
6
Calculate the highest common factor of 2162 and 1426.
46
Calculate the highest common factor of 48 and 17904.
48
What is the greatest common divisor of 33 and 99?
33
What is the highest common divisor of 357 and 231?
21
What is the highest common factor of 24 and 312?
24
What is the greatest common divisor of 2191 and 1565?
313
Calculate the highest common factor of 132 and 30756.
132
Calculate the highest common factor of 152 and 992.
8
Calculate the greatest common factor of 14 and 3122.
14
What is the highest common factor of 18 and 10?
2
Calculate the greatest common divisor of 17 and 19.
1
Calculate the greatest common factor of 987 and 21.
21
What is the highest common divisor of 84 and 12?
12
What is the greatest common divisor of 2050 and 75?
25
What is the highest common factor of 157956 and 12?
12
What is the highest common divisor of 3 and 263?
1
Calculate the highest common factor of 14 and 5.
1
What is the highest common factor of 32 and 328?
8
Calculate the greatest common factor of 847 and 121.
121
Calculate the greatest common factor of 50 and 100.
50
Calculate the greatest common factor of 24 and 87.
3
What is the greatest common factor of 256 and 32?
32
What is the greatest common divisor of 63 and 6?
3
What is the highest common divisor of 45 and 21915?
45
Calculate the greatest common divisor of 4248 and 27.
9
Calculate the greatest common divisor of 1496 and 51.
17
Calculate the highest common divisor of 1736 and 124.
124
What is the highest common divisor of 13 and 10907?
13
Calculate the highest common factor of 6187 and 23.
23
What is the greatest common factor of 90 and 20?
10
What is the greatest common divisor of 378 and 2016?
126
Calculate the highest common factor of 35 and 280.
35
What is the greatest common divisor of 2681 and 4979?
383
What is the highest common divisor of 21 and 252?
21
Calculate the greatest common factor of 22760 and 120.
40
Calculate the highest common divisor of 1420 and 15194.
142
What is the highest common factor of 2108 and 612?
68
What is the highest common divisor of 28 and 3668?
28
Calculate the greatest common divisor of 114 and 6.
6
Calculate the highest common factor of 23 and 69.
23
Calculate the highest common divisor of 60 and 285.
15
What is the highest common factor of 22 and 33?
11
What is the greatest common divisor of 440 and 792?
88
What is the greatest common divisor of 36 and 207?
9
What is the greatest common divisor of 84 and 12?
12
Calculate the highest common factor of 100 and 100.
100
What is the greatest common factor of 16046 and 142?
142
What is the greatest common factor of 13 and 299?
13
What is the greatest common factor of 4806 and 270?
54
What is the highest common factor of 763 and 7?
7
Calculate the highest common divisor of 549 and 9.
9
Calculate the highest common divisor of 71714 and 46.
46
Calculate the greatest common factor of 12625 and 202.
101
What is the greatest common divisor of 1431 and 135?
27
What is the greatest common divisor of 60 and 20?
20
What is the greatest common factor of 667 and 203?
29
What is the greatest common divisor of 551 and 145?
29
Calculate the greatest common factor of 361 and 76.
19
Calculate the highest common factor of 1092 and 7371.
273
Calculate the greatest common divisor of 14457 and 122.
61
What is the greatest common factor of 483 and 28?
7
Calculate the highest common divisor of 1728 and 18.
18
Calculate the greatest common factor of 3653 and 65.
13
Calculate the highest common factor of 220 and 10.
10
What is the highest common divisor of 28 and 56?
28
Calculate the greatest common factor of 484 and 506.
22
Calculate the greatest common divisor of 40 and 3085.
5
Calculate the highest common factor of 335 and 995.
5
Calculate the greatest common divisor of 69 and 184.
23
What is the greatest common divisor of 10 and 10?
10
What is the greatest common factor of 33 and 550?
11
Calculate the highest common divisor of 102 and 12.
6
Calculate the highest common divisor of 48 and 1494.
6
What is the greatest common divisor of 3435 and 60?
15
What is the greatest common factor of 535 and 1819?
107
Calculate the highest common factor of 20 and 240.
20
What is the highest common divisor of 1152 and 256?
128
Calculate the highest common factor of 1710 and 180.
90
Calculate the greatest common factor of 117 and 3393.
117
Calculate the highest common factor of 525 and 42.
21
Calculate the greatest common factor of 70 and 875.
35
Calculate the greatest common factor of 786 and 384.
6
Calculate the highest common divisor of 30875 and 39.
13
Calculate the greatest common factor of 5 and 55.
5
Calculate the greatest common divisor of 481 and 13.
13
Calculate the highest common factor of 20 and 35950.
10
What is the greatest common factor of 2312 and 85?
17
Calculate the highest common divisor of 20 and 2500.
20
Calculate the highest common divisor of 805 and 105.
35
What is the greatest common factor of 1 and 461?
1
What is the highest common factor of 399 and 114?
57
Calculate the greatest common factor of 7852 and 52.
52
What is the greatest common factor of 400 and 80?
80
What is the greatest common factor of 133 and 14?
7
Calculate the greatest common factor of 837 and 155.
31
What is the highest common divisor of 378 and 1026?
54
What is the greatest common factor of 15272 and 184?
184
What is the highest common factor of 7 and 23?
1
Calculate the highest common divisor of 107 and 118663.
107
What is the highest common divisor of 11 and 704?
11
Calculate the highest common factor of 18 and 1206.
18
Calculate the highest common divisor of 54 and 297.
27
What is the greatest common factor of 28 and 497?
7
What is the greatest common factor of 26 and 325?
13
What is the greatest common factor of 1729 and 9139?
247
Calculate the greatest common factor of 713 and 23.
23
What is the greatest common divisor of 14 and 469?
7
What is the highest common factor of 147 and 96?
3
What is the highest common divisor of 595 and 765?
85
What is the greatest common factor of 10068 and 36?
12
Calculate the highest common divisor of 2048 and 72.
8
Calculate the highest common factor of 20 and 164.
4
What is the highest common divisor of 4224 and 66?
66
What is the highest common factor of 8 and 344?
8
Calculate the highest common divisor of 25047 and 414.
207
Calculate the greatest common divisor of 2035 and 3515.
185
What is the greatest common divisor of 444 and 24?
12
Calculate the greatest common divisor of 13 and 39.
13
What is the greatest common divisor of 3 and 659?
1
Calculate the greatest common divisor of 40 and 1060.
20
What is the greatest common factor of 42 and 5614?
14
Calculate the highest common factor of 26 and 3523.
13
What is the highest common factor of 6 and 222?
